h.
2, 3, 5, 61
Let w be (-38)/(-3) + 4/12. Let u(p) = -p**3 + 13*p**2 + p + 10. Let o be u(w). Suppose o*g = 27*g - 560. List the prime factors of g.
2, 5, 7
Let n = 103 + -139. What are the prime factors of (-974)/(-4) + 18/n?
3
Suppose 5*j - 7740 = -0*j. Let r = -1054 + j. Suppose f - 250 = -i, -4*f - 792 - r = -5*i. List the prime factors of i.
2, 127
Let f = -15 - -18. Suppose 2*j = f*j + 4. What are the prime factors of (-3)/(-2)*(-417)/18*j?
139
Suppose 0 = 5*y + 15, -155 = -z - 4*y + 263. Suppose -3066 = z*d - 433*d. What are the prime factors of d?
2, 7, 73
Let a be (-11 + 5)/(6/(-4)). Suppose a*f + 2*h - 16 = 8, -5*f = 3*h - 31. Suppose 0 = -5*o + f + 10. What are the prime factors of o?
3
What are the prime factors of (-3687)/((-60)/1050 - (-94)/(-2030))?
29, 1229
Suppose 21*w = 2*w - 0*w. Suppose 4*n + 2*a - 1120 = w, -163 - 120 = -n - 2*a. What are the prime factors of n?
3, 31
Let y(z) = 2*z**2 + 33*z + 31. Let c be y(-13). Let h = 240 + c. List the prime factors of h.
2, 3, 5
Let i(j) = 307*j**2 + 21*j + 164. List the prime factors of i(-8).
2, 3, 1637
Suppose 23*p - 4*p - 236297 + 26157 = 0. What are the prime factors of p?
2, 5, 7, 79
Let d(i) = -i**2 + 4*i + 191. Let g be d(0). Let m = g + -167. List the prime factors of m.
2, 3
Suppose l - 3*u = -3 - 1, -2*l + 2*u - 24 = 0. Let f(m) = -m**3 - 15*m**2 - 7*m - 24. What are the prime factors of f(l)?
2, 43
Suppose 115838 - 1659 = 13*g. List the prime factors of g.
8783
Let r = -290 + 290. Suppose r = -5*v - 0 - 5, t = -5*v + 1169. List the prime factors of t.
2, 587
Let a(p) = -2732*p - 2705. What are the prime factors of a(-23)?
157, 383
What are the prime factors of 6579 + (-104)/(10 - 23)?
7, 941
Suppose -8*h = -10 - 46. Suppose -h*g - 51 = -23. What are the prime factors of 6/g - (4 - (-1539)/(-6))?
251
Let o(u) = u**2 - 6*u + 5. Let b be o(3). Let s be (-6)/b*(-56)/12. List the prime factors of ((-7)/3 - -2)/(s/546).
2, 13
Suppose 41576 = 2*r + 2*n, 4*n = -r + 28811 - 8020. List the prime factors of r.
3, 13, 41
Let p be 1/(8/(-10) - -1). Let a = 7115 + -7001. Let g = p + a. List the prime factors of g.
7, 17
Let x = -11 + 7. Let m(w) = -w**3 - w**2. Let r(u) = 6*u**3 + 9*u**2 + 4*u + 8. Let j(t) = -4*m(t) - r(t). List the prime factors of j(x).
2, 7
Let x(h) = h**3 + 2*h**2 + 7*h - 7. Let b be x(3). Suppose b*p - 24 = 51*p. What are the prime factors of p?
3
Suppose 25*p - 23 = 26*p. List the prime factors of ((-2 - -79) + 3)*(-13 - p).
2, 5
Let p be 42/49 + 5175/63. Let h be (-2)/8 - (-17)/4. Suppose -4*f + 21 = t + h, -4*f + p = 3*t. What are the prime factors of t?
3, 11
Let s(t) be the third derivative of 7*t**5/20 + t**4/3 - t**3/6 + 41*t**2 + 1. What are the prime factors of s(-5)?
2, 11
Let a = -698 + 2858. Suppose -f = 4*f - a. What are the prime factors of f?
2, 3
Let g(v) = 3*v**2 - 7*v**2 + 2*v**2 + 14*v + 9 + 0*v**2. Let h be g(8). Let u(b) = -b**3 - 7*b**2 - b + 11. What are the prime factors of u(h)?
2, 3
Suppose 25*h = 28*h + o - 166967, 0 = h + 3*o - 55645. List the prime factors of h.
7, 7951
Let c(w) = 3*w - 4. Let b be c(3). Let z = 266 + -266. Suppose z = 5*p - 3*n - 865, 0*n = 2*p + b*n - 377. List the prime factors of p.
2, 11
Suppose 0 = -52*b - 48*b + 630700. What are the prime factors of b?
7, 17, 53
Let v(d) = -4*d**2 - 6*d + 5. Let f be v(20). Let u = 6 - 31. List the prime factors of f/u - 3/5.
2, 17
Suppose 0 = -53*y + 41*y + 36. Suppose y*u - 5*h - 2017 = 2132, 5*u - 6899 = 3*h. List the prime factors of u.
2, 13, 53
Suppose 4*x - 20 + 8 = 0. Suppose x*t + 3*d + 24 = 855, t - 4*d = 272. What are the prime factors of t?
2, 3, 23
Let u(y) = -y - 5. Let a be u(-17). List the prime factors of 1424/a + (-8)/12.
2, 59
Suppose 9 = -3*p, -1059 = -5*x - 0*x + 3*p. What are the prime factors of 2 + x + (-3 - -5) + 3?
7, 31
Suppose 10*u = -19*u + 17*u + 263448. List the prime factors of u.
2, 3, 3659
Let t = 2779 - 1781. What are the prime factors of t?
2, 499
Suppose 165 - 173 = -4*x. Let t(u) be the second derivative of 37*u**4/6 - 7*u**3/6 + 5*u**2/2 + 5*u - 1. List the prime factors of t(x).
7, 41
Let k(m) = -2175*m**3 + 58*m**2 + 59*m. List the prime factors of k(-1).
2, 1087
Let z(l) = 327*l**2 - 5*l - 14. Let u be z(-2). Suppose -112 = -12*f + u. List the prime factors of f.
2, 59
Let z(b) = -2*b**3 + 4*b. Let j be z(-3). List the prime factors of 4/j - ((-13338052)/(-294))/(-26).
5, 349
List the prime factors of (0 + 4 + 1)/(6/7398).
3, 5, 137
Let q be ((-117)/6)/(6/16). Let u(w) = 9*w - 54. Let r be u(13). Let n = q + r. What are the prime factors of n?
11
Let r(j) = j**3 + 5*j**2 - j + 5. Let g be r(-5). Let p be (-1 - 2) + -6 + g + -1897. List the prime factors of 2/(-6) + 3/((-54)/p).
3, 5, 7
Let s(x) be the third derivative of x**6/180 + 5*x**3/2 + 10*x**2. Let k(v) be the first derivative of s(v). What are the prime factors of k(1)?
2
Let k(m) = -m**3 + 47*m**2 - 30*m + 171. List the prime factors of k(41).
3, 17, 59
Suppose -g - 46 = 2*k, -9*g + 34 = -2*k - 13*g. List the prime factors of (-577)/(-5) - (140/k + 5).
2, 29
Let r be -3 - 1*(-5 - -3). Let q(z) = -32*z - 4. Let h(j) = -j + 1. Let b(p) = r*q(p) + h(p). List the prime factors of b(5).
2, 5
Suppose -w = 3*c - 2170, -4*c - 27*w + 24*w + 2885 = 0. Let q = c + -309. List the prime factors of q.
2, 13
What are the prime factors of (-829)/(-3)*-1*2193/(-43)?
17, 829
Let x = 210 - 207. Suppose -x*g + 150 = -330. What are the prime factors of g?
2, 5
List the prime factors of 1 - -1560 - (-7)/4*-4.
2, 3, 7, 37
Let h(c) = -2*c**3 - 7*c**2 + 11*c. Suppose -3*r = d + 21, 0 = d - 5*d. Let s be h(r). Suppose -s = 52*o - 54*o. List the prime factors of o.
7, 19
Let o be (-5 - -2)/(-3) + -1648. Let i = -246 - o. What are the prime factors of i?
3, 467
Suppose 0*i - 6*i = -90. Suppose 10*k + i = 5*k. List the prime factors of k - -40 - (-1 - -4).
2, 17
Suppose -4*v + 138576 = -6*v + 8*v. What are the prime factors of v?
2, 2887
Let w(z) = -z**3 + 5*z**2 + 5*z. Let h be w(6). Let n be 4 + (h - -7) + (-2 - 1). Suppose 4*q = 2*k + 830, -n*q + 131 = -4*k - 275. List the prime factors of q.
11, 19
Let j(y) = 632*y + 8845. List the prime factors of j(0).
5, 29, 61
List the prime factors of (8/3)/(-4) + (-1645989)/(-171).
5, 7, 11
Let w = -4323 - -9932. List the prime factors of w.
71, 79
Suppose -f - y = -19094, 0 = 36*f - 41*f - y + 95498. List the prime factors of f.
3, 6367
Suppose -2*r - 6*y + 726 = -4*y, 5*r = y + 1827. Let z = 619 - r. What are the prime factors of z?
2, 127
Let n(o) = 8*o**3 - 8*o**2 - 20*o + 313. List the prime factors of n(11).
29, 337
Let a = -997 - -1711. What are the prime factors of a?
2, 3, 7, 17
Let q be -7 + 4 + (-9390)/(-6)*1. Let p = q - 1026. What are the prime factors of p?
2, 67
Let d = -174 + 167. Suppose r = -r, 5*r = 4*g + 12. List the prime factors of (d/(-2) - -1) + g/6.
2
Suppose -75 = -12*j + 17*j. Let w = j - -149. Suppose 0 = 40*h - 41*h + w. What are the prime factors of h?
2, 67
Let d(c) = c**2 + 123*c + 3720. List the prime factors of d(-76).
2, 37
Let d = 55632 + -34942. What are the prime factors of d?
2, 5, 2069
Let s be ((-4)/(-6))/(6/(-9)) + 3. Suppose s*m + 1 - 3 = 0. What are the prime factors of (10*30/125)/(m/40)?
2, 3
Let n be (13 - -2)/((-4)/(-2) + -1). Let s = -18 + n. List the prime factors of 4 - (-109 + s + -2).
2, 59
Suppose -5*r + 89821 = 2*w, -5*r - w + 45070 = -44743. List the prime factors of r.
3, 5987
Let f = 17767 + -5314. List the prime factors of f.
3, 7, 593
Suppose -9291 = 9*v - 83640. What are the prime factors of v?
11, 751
Suppose 3*x = 2*w - 12233 - 9634, 0 = -w - 2*x + 10937. List the prime factors of w.
3, 5
Suppose 148 = 4*d - 4. Let v = d - 35. Suppose -q = 5*w - 434, w = -3*w - v*q + 345. List the prime factors of w.
3, 29
Let f(p) = 494*p + 3902. What are the prime factors of f(8)?
2, 3, 7, 11, 17
Let b(t) = -20*t + 5. Suppose -3*f - 5*f - 16 = 0. Let k be b(f). Suppose 47*w - k*w = 36. List the prime factors of w.
2, 3
Let w(n) = -14*n**2 + 5*n**2 + n**3 - 38*n - 63 - 3*n - n**2. What are the prime factors of w(16)?
19, 43
Suppose 0 = 3*l - 0*l - f - 1325, 4*l - 5*f = 1752. Let x = -74 + l. List the prime factors of x.
3, 41
Let a = -399 - -496. Let i = 1183 + a. What are the prime factors of i?
2, 5
Suppose -